n factor of 585 and a?
39
Let t be (106/8)/((-6)/(-72)). Let u be 0 + t - (-2 - 1). Suppose 4*h - u = 62. Calculate the greatest common divisor of 8 and h.
8
Let d be (4 - 1 - -2) + 283. What is the greatest common divisor of d and 18?
18
Suppose -2*w + 3*k + 51 = 0, w - 76 = -2*w + 4*k. Calculate the greatest common factor of 600 and w.
24
Let q be 3/(-1) - 31/(124/(-192)). What is the greatest common factor of q and 207?
9
Let p be (-4)/(-12) + (1128/(-9))/(-2). Suppose 0 = 4*j + 3*d - 60, -5*j = 3*d - 6*d - 102. What is the greatest common divisor of p and j?
9
Let z(r) = 3*r**2 - r + 2. Let c be z(2). Let h = -16 + 125. Let k = h - 73. Calculate the greatest common factor of c and k.
12
Suppose 3*x + 4*c + 0 = -6, 4*x - 2*c = 14. Let o be (x - -6)*(-15)/(-10). Let i be o/5*(-20)/(-6). What is the highest common divisor of 88 and i?
8
Let g be 38 + 0/(-1 - 0). Let x be (-4)/(-6) + 456/18. Let y(c) = 3*c + 17. Let d be y(x). Calculate the highest common factor of d and g.
19
Let y be (-1815)/(-75) + (-11)/5. Calculate the greatest common factor of 2926 and y.
22
Let h(o) = 6*o - 83. Let r be h(24). Calculate the highest common factor of r and 61.
61
Let z(r) = 17*r - 14. Let t(k) = -3*k - 17. Let f be t(-7). Let d be z(f). Calculate the highest common factor of d and 27.
27
Suppose 5*h - 4 = 3*f, -3*h - 32 = -2*f - 34. What is the highest common divisor of 226 and f?
2
Let y(j) be the second derivative of 7*j**4/6 + 2*j**3/3 - j**2 - 17*j. Let q be y(1). Calculate the highest common divisor of q and 176.
16
Suppose 8*z - 4 = 20. Suppose -18*s - 4*m + 24 = -13*s, 4 = 2*s + z*m. Suppose -h + 60 = 4*h. What is the highest common divisor of s and h?
4
Let a(m) = 21*m - 100. Let t be a(6). What is the highest common factor of 1573 and t?
13
Suppose 45*u - 44*u - 13 = 0. Calculate the greatest common divisor of 637 and u.
13
Let o = 37 + -30. Suppose -10 - 4 = -o*j. What is the greatest common factor of 3 and j?
1
Suppose 2*z + 3*j = j + 48, z - 2*j - 39 = 0. Let t = z + -29. Suppose -42 = -v - t. What is the highest common factor of v and 14?
14
Suppose -97 = -29*o + 1121. Calculate the greatest common divisor of o and 114.
6
Let z(h) = 4*h**3 - 31*h**2 - 2*h + 6. Let v be z(8). Calculate the highest common divisor of v and 54.
54
Let c(h) = -h**3 + h**2 - 8*h - 5. Let o be c(-6). What is the highest common divisor of o and 59?
59
Suppose -q - 6*w + 19 = -7*w, -2*q = 3*w - 13. Suppose 4*u - 187 = 373. What is the greatest common factor of q and u?
14
Let c be 36/(-4) + (248 - 44). Suppose 5*g = 4*u - 302, u - 5*u + 4*g + 304 = 0. Calculate the greatest common factor of u and c.
39
Suppose 2*h + 2*k = 54, -2*h - 231*k = -226*k - 66. What is the highest common factor of h and 5221?
23
Suppose -2*a - 1255 = -7*a. Suppose 4*u + 59 = a. Calculate the greatest common factor of u and 16.
16
Suppose 4*o + 159 = 3*q - 112, -445 = -5*q + 5*o. Suppose -3*f = 2*d - 0*d - 45, -3*f + d = -54. What is the greatest common divisor of q and f?
17
Let q(d) = d - 5. Let g be q(8). Suppose -1 = g*f - 2*f. Let w be -2*((-1)/(-2) + f). What is the highest common factor of w and 2?
1
Let h = -46 + 52. Suppose -h*b - 660 = -8*b. Calculate the highest common divisor of b and 30.
30
Let d = -704 - -747. What is the highest common factor of 387 and d?
43
Suppose 3*y = -12, 4 = 5*g + 3*y + 1. Suppose g*r + 1 = 10. Let z be 23*r + 5/5. Calculate the highest common divisor of 28 and z.
14
Suppose -3*l = 5*d - 231, 0 = d + 2*l - 39 - 3. Calculate the greatest common divisor of d and 12.
12
Let y(k) be the second derivative of k**5/20 + 4*k**4/3 + 7*k**3/3 + 13*k**2/2 + k. Let i be y(-15). Calculate the highest common divisor of i and 28.
28
Suppose 24*o - 36 = 5244. Calculate the greatest common factor of o and 20.
20
Suppose 31*b - 32*b - 2 = 0, 0 = -5*f + b + 442. What is the greatest common factor of 154 and f?
22
Let v be -2 - -1*(-310)/(-10). What is the highest common factor of v and 1?
1
Let a be -1*0*3/(-9). Suppose a = -8*s + 2*s + 198. Suppose -3*k + 4*b + 62 = 0, 4*k + 2*b = 57 + s. Calculate the greatest common factor of 110 and k.
22
Let x = -627 - -813. Calculate the greatest common divisor of 4 and x.
2
Suppose -2 = -v + 4*q, 5*q = 2*v - 0*q - 4. Suppose -3*x - 49 = -4*d + 82, -5*x = v*d - 59. Let i = -11 - -19. What is the greatest common divisor of i and d?
8
Suppose 2*m - 6 = 3*m. Let y = 12 - m. Let z = 39 + y. Calculate the greatest common divisor of 19 and z.
19
Let l be (-6)/(-24)*0 - -185. What is the greatest common factor of 407 and l?
37
Let o(w) = 2*w**2 + 16*w - 21. Let i be o(-9). Let u be i*((-4)/(-12) + -5). Calculate the greatest common factor of 28 and u.
14
Suppose 0 = -5*v - 0 + 10. Suppose -3*c + 75 = 5*z, -v*z + 5*z = -2*c + 49. Calculate the greatest common factor of c and 40.
20
Suppose 0 = -18*s + 29*s - 44. Calculate the greatest common factor of s and 472.
4
Let h = 18 - 15. Suppose -y - h = -4. What is the greatest common factor of 4 and y?
1
Suppose l + 0 - 2 = 0, 3*h - 4*l = 40. Let w(x) = -11*x + 2. Let s be w(0). Calculate the highest common divisor of h and s.
2
Let x(d) = d**2 + 5*d - 6. Let l be x(-7). Let g be 4*-1*(-46)/l. Let p be -3 + (g + 3)/2. Calculate the greatest common factor of p and 80.
10
Suppose 2*x = 57 + 239. Calculate the greatest common divisor of 37 and x.
37
Let z = -2683 + 2707. Let v(p) = p**3 + p**2 + 3*p + 3. Let n be v(5). What is the highest common factor of z and n?
24
Let o = 93 - -17. Let p be (28/35 - 0)/((-4)/(-30)). Suppose -p*y = -4*y - o. What is the greatest common factor of y and 5?
5
Suppose 11 = -j + 5*n, 7 - 78 = -4*j - 3*n. What is the highest common factor of j and 875?
7
Let s be (-630)/(-280)*(-376)/(-6). Calculate the greatest common divisor of 752 and s.
47
Suppose n + 3*s = 707, 5*n - 684 = s + 2787. Suppose 5*g - n = 205. Calculate the greatest common divisor of 20 and g.
20
Let d = 23 + -20. Suppose d*f - t - 2*t = 15, 0 = -f + 4*t - 10. Calculate the greatest common factor of f and 4.
2
Suppose -3*l + 3*u + 1 = -20, -4*l + 28 = -u. Suppose -a + l*a - 120 = 0. Calculate the greatest common factor of a and 90.
10
Let k be 2 + -5 - (7 - -265). Let j = 470 + k. Suppose p + w = 6*p - 445, -2*p - 3*w = -j. Calculate the highest common divisor of p and 9.
9
Suppose -8*o + 196 + 44 = 0. Let q be o/(-75) - 112/(-5). Calculate the highest common divisor of q and 55.
11
Suppose -4*p = c + 1 - 25, 4*c = 0. Let q be (224/p)/(5/(-15)*-1). Calculate the highest common divisor of 32 and q.
16
Let t(n) = 13*n**2 + 3. Let r be t(3). Suppose 31*j = 320 + 300. Calculate the greatest common factor of j and r.
20
Let m(c) = 2*c**2 - 7*c - 10. Let v be m(-4). What is the greatest common divisor of v and 40?
10
Let g(t) = 2*t**2 - 22*t - 2. Let m be g(12). Calculate the highest common divisor of 143 and m.
11
Suppose -2*g + 4*g = -5*s - 2912, 3*g = 5*s + 2907. Let a = s - -1077. Calculate the highest common divisor of a and 45.
45
Let d be 2 + 21 + 3/3. Let f = d + -15. Let n = 20 - f. Calculate the greatest common divisor of 121 and n.
11
Suppose 9*b - 8 = 208. Calculate the greatest common factor of b and 40.
8
Let t = -10 + 54. Let a be (-10)/(-2) + -1 + t. Calculate the highest common factor of 12 and a.
12
Let v = -7 - -16. Suppose r = -x - 3 + v, -3*r + 4*x = -46. What is the highest common factor of r and 20?
10
Let x be 1/(3 + 40/(-14)). Let v(t) = 2*t**2 - 9*t. Let n be v(x). Calculate the highest common divisor of 7 and n.
7
Suppose 0 = 3*f + 5*a - 527 + 182, f + 2*a - 114 = 0. What is the greatest common divisor of f and 80?
40
Let y be 128 + (-1*(-24)/(-3))/2. What is the greatest common divisor of y and 93?
31
Suppose 2*a - 139 = 3*g, -a = 2*a + g - 236. Let p be (15/35)/((-75)/(-1225)). Calculate the highest common divisor of p and a.
7
Let u be (-44)/(-3) + -3*4/(-36). Let x be (33 - u) + -2*1*-1. Suppose 3 = -5*k + 23. Calculate the highest common factor of x and k.
4
Let q(m) = 23*m - 2. Let s be q(2). Let c(f) = -6*f**2 - 5*f + 9. Let d be c(-6). Let k = 287 + d. What is the greatest common factor of k and s?
22
Suppose 3*c - 16 = 4*d, 2*c + 18 = 7*c + 2*d. Calculate the highest common factor of 6 and c.
2
Suppose -3*f + z = -0*z + 8, 4*f + 6 = -z. Let m be (-51)/f - 6/4. Calculate